illions digit of 3457300?
3
What is the thousands digit of 365266?
5
What is the thousands digit of 181077?
1
What is the thousands digit of 1913212?
3
What is the hundred thousands digit of 6841229?
8
What is the ten thousands digit of 686652?
8
What is the ten thousands digit of 22389644?
8
What is the thousands digit of 1647438?
7
What is the millions digit of 5618833?
5
What is the millions digit of 23172753?
3
What is the ten thousands digit of 982096?
8
What is the tens digit of 3134147?
4
What is the thousands digit of 728146?
8
What is the hundreds digit of 481074?
0
What is the tens digit of 2043750?
5
What is the ten thousands digit of 220979?
2
What is the millions digit of 9675421?
9
What is the units digit of 41078?
8
What is the units digit of 4392487?
7
What is the tens digit of 1337610?
1
What is the ten millions digit of 24491515?
2
What is the tens digit of 10014114?
1
What is the thousands digit of 14814361?
4
What is the hundred thousands digit of 12029612?
0
What is the ten millions digit of 23215153?
2
What is the thousands digit of 187999?
7
What is the hundred thousands digit of 197809?
1
What is the units digit of 1773270?
0
What is the units digit of 1429268?
8
What is the thousands digit of 28021533?
1
What is the ten millions digit of 12027580?
1
What is the hundreds digit of 849714?
7
What is the thousands digit of 73639?
3
What is the hundred thousands digit of 1421819?
4
What is the ten millions digit of 30127001?
3
What is the hundreds digit of 305226?
2
What is the hundreds digit of 10555954?
9
What is the thousands digit of 12116317?
6
What is the hundreds digit of 3360222?
2
What is the hundreds digit of 64632?
6
What is the thousands digit of 783140?
3
What is the tens digit of 7602337?
3
What is the hundreds digit of 9608?
6
What is the units digit of 9960893?
3
What is the hundreds digit of 308751?
7
What is the units digit of 6389?
9
What is the thousands digit of 931747?
1
What is the units digit of 4493111?
1
What is the tens digit of 752926?
2
What is the ten millions digit of 14821779?
1
What is the millions digit of 7091355?
7
What is the units digit of 686559?
9
What is the ten millions digit of 10474370?
1
What is the hundred thousands digit of 865257?
8
What is the hundred thousands digit of 4031232?
0
What is the tens digit of 1715980?
8
What is the tens digit of 45990?
9
What is the thousands digit of 341783?
1
What is the units digit of 139413?
3
What is the units digit of 248635?
5
What is the units digit of 1317?
7
What is the hundreds digit of 835745?
7
What is the units digit of 453894?
4
What is the tens digit of 295712?
1
What is the thousands digit of 380883?
0
What is the hundreds digit of 58806?
8
What is the hundreds digit of 165861?
8
What is the hundreds digit of 455085?
0
What is the hundreds digit of 259906?
9
What is the hundred thousands digit of 9696936?
6
What is the hundred thousands digit of 14773114?
7
What is the ten thousands digit of 114587?
1
What is the hundred thousands digit of 604586?
6
What is the hundreds digit of 20822496?
4
What is the thousands digit of 3627328?
7
What is the hundreds digit of 5186604?
6
What is the hundred thousands digit of 438727?
4
What is the ten thousands digit of 2530543?
3
What is the units digit of 2249384?
4
What is the hundreds digit of 14681788?
7
What is the thousands digit of 231978?
1
What is the hundred thousands digit of 4532315?
5
What is the millions digit of 10112114?
0
What is the hundred thousands digit of 9949097?
9
What is the hundred thousands digit of 1554502?
5
What is the hundreds digit of 547453?
4
What is the ten thousands digit of 12646741?
4
What is the tens digit of 7431835?
3
What is the hundreds digit of 1382662?
6
What is the thousands digit of 537645?
7
What is the ten thousands digit of 15107665?
0
What is the ten thousands digit of 2764465?
6
What is the hundred thousands digit of 266113?
2
What is the thousands digit of 1331746?
1
What is the thousands digit of 138669?
8
What is the units digit of 1639021?
1
What is the thousands digit of 420353?
0
What is the tens digit of 153434?
3
What is the units digit of 9568725?
5
What is the units digit of 266532?
2
What is the units digit of 1001312?
2
What is the thousands digit of 716458?
6
What is the ten thousands digit of 209253?
0
What is the tens digit of 162907?
0
What is the ten millions digit of 27064815?
2
What is the units digit of 78506?
6
What is the hundred thousands digit of 16879556?
8
What is the units digit of 831942?
2
What is the thousands digit of 4495658?
5
What is the tens digit of 3668719?
1
What is the thousands digit of 13725844?
5
What is the hundreds digit of 188696?
6
What is the thousands digit of 1871090?
1
What is the hundreds digit of 678745?
7
What is the ten thousands digit of 4363712?
6
What is the tens digit of 190640?
4
What is the ten thousands digit of 5242574?
4
What is the hundreds digit of 271273?
2
What is the hundred thousands digit of 2973565?
9
What is the hundreds digit of 1151997?
9
What is the hundreds digit of 5097493?
4
What is the hundreds digit of 156774?
7
What is the millions digit of 1070810?
1
What is the millions digit of 2784561?
2
What is the hundreds digit of 240004?
0
What is the hundreds digit of 764753?
7
What is the thousands digit of 3611976?
1
What is the tens digit of 2760456?
5
What is the ten thousands digit of 36042?
3
What is the tens digit of 1088253?
5
What is the ten thousands digit of 330850?
3
What is the hundreds digit of 3709308?
3
What is the hundreds digit of 4502221?
2
What is the units digit of 127335?
5
What is the ten thousands digit of 13802964?
0
What is the units digit of 207585?
5
What is the thousands digit of 238155?
8
What is the ten thousands digit of 5616818?
1
What is the tens digit of 2388964?
6
What is the ten thousands digit of 13281708?
8
What is the tens digit of 245270?
7
What is the hundreds digit of 1816?
8
What is the millions digit of 3326334?
3
What is the ten thousands digit of 40590?
4
What is the units digit of 5693281?
1
What is the ten thousands digit of 37475?
3
What is the hundred thousands digit of 5638792?
6
What is the tens digit of 159124?
2
What is the tens digit of 20747992?
9
What is the hundred thousands digit of 171619?
1
What is the hundreds digit of 346851?
8
What is the ten thousands digit of 195048?
9
What is the ten thousands digit of 706752?
0
What is the thousands digit of 187827?
7
What is the units digit of 1905079?
9
What is the units digit of 79641?
1
What is the tens digit of 28686696?
9
What is the units digit of 544826?
6
What is the units digit of 1060196?
6
What is the hundred thousands digit of 105896?
1
What is the thousands digit of 9982?
9
What is the thousands digit of 762882?
2
What is the thousands digit of 157620?
7
What is the hundred thousands digit of 1335356?
3
What is the millions digit of 26312677?
6
What is the thousands digit of 453949?
3
What is the ten thousands digit of 1449535?
4
What is the units digit of 966993?
3
What is the thousands digit of 2251570?
1
What is the millions digit of 2061364?
2
What is the tens digit of 34487?
8
What is the hundreds digit of 241366?
3
What is the thousands digit of 8505850?
5
What is the tens digit of 1453655?
5
What is the tens digit of 245839?
3
What is the units digit of 1298605?
5
What is the units digit of 445053?
3
What is the millions digit of 1055305?
1
What is the thousands digit of 12185164?
5
What is the tens digit of 802424?
2
What is the tens digit of 1328763?
6
What is the thousands digit of 130600?
0
What is the units digit of 2489252?
2
What is the hundreds digit of 95351?
3
What is the units digit of 296462?
2
What is the hundred thousands digit of 246527?
2
What is the hundreds digit of 330683?
6
What is the hundreds digit of 20582722?
7
What is the units digit of 2160769?
9
What is the tens digit of 432658?
5
What is the ten thousands digit of 564664?
6
What is the tens digit of 17845214?
1
What is the units digit of 58876?
6
What is the tens digit of 152268?
6
What is the hundred thousands digit of 1183599?
1
What is the hundreds digit of 352782?
7
What is the hundreds digit of 23672972?
9
What is the units digit of 320780?
0
What is the thousan